{"id":38,"date":"2018-10-08T14:08:13","date_gmt":"2018-10-08T12:08:13","guid":{"rendered":"http:\/\/hsi-consulting.fr\/?page_id=38"},"modified":"2018-10-09T10:33:48","modified_gmt":"2018-10-09T08:33:48","slug":"offre-de-service","status":"publish","type":"page","link":"https:\/\/hsi-consulting.fr\/?page_id=38","title":{"rendered":"Offre de service"},"content":{"rendered":"\n<p>Nous proposons \u00e0 nos soci\u00e9t\u00e9s diff\u00e9rents services afin de pouvoir les assister pour une meilleur gestion de leur parc informatique.<\/p>\n\n\n\n<p>&#8211;<strong>Consulting :<\/strong><\/p>\n\n\n\n<ul class=\"wp-block-list\"><li>Audit de votre parc informatique<\/li><li>Mise en oeuvre d&rsquo;infrastructure compl\u00e8te<\/li><li>Assistance technique niveau 1 , 2 et 3 (hotline)*<\/li><\/ul>\n\n\n\n<p><strong>-T\u00e9l\u00e9-Assistance :<\/strong><\/p>\n\n\n\n<ul class=\"wp-block-list\"><li>Assistance t\u00e9l\u00e9phonique* avec prise en main \u00e0 distance de votre \u00e9quipements<\/li><\/ul>\n\n\n\n<p><strong>-Contrat de maintenance :<\/strong><\/p>\n\n\n\n<ul class=\"wp-block-list\"><li>Contrat de maintenance annuel pour la gestion et l&rsquo;assistance de votre parc informatique<\/li><\/ul>\n\n\n\n<p><strong>-Vente de mat\u00e9riel informatique :<\/strong><\/p>\n\n\n\n<ul class=\"wp-block-list\"><li>Vente de tous types de mat\u00e9riels informatique pour nos clients<\/li><\/ul>\n\n\n\n<p><\/p>\n\n\n\n<p>* disponible du lundi au vendredi de 9h \u00e0 18h <\/p>\n\n\n\n<p><\/p>\n\n\n\n<p><\/p>\n\n\n\n<p><\/p>\n","protected":false},"excerpt":{"rendered":"<p>Nous proposons \u00e0 nos soci\u00e9t\u00e9s diff\u00e9rents services afin de pouvoir les assister pour une meilleur gestion de leur parc informatique. &#8211;Consulting : Audit de votre parc informatique Mise en oeuvre d&rsquo;infrastructure compl\u00e8te Assistance technique niveau 1 , 2 et 3 (hotline)* -T\u00e9l\u00e9-Assistance : Assistance t\u00e9l\u00e9phonique* avec prise en main \u00e0 distance de votre \u00e9quipements -Contrat [&#8230;]\n","protected":false},"author":1,"featured_media":0,"parent":0,"menu_order":0,"comment_status":"closed","ping_status":"closed","template":"","meta":{"jetpack_post_was_ever_published":false,"footnotes":""},"class_list":["post-38","page","type-page","status-publish","hentry"],"jetpack_sharing_enabled":true,"jetpack_shortlink":"https:\/\/wp.me\/PajIJU-C","_links":{"self":[{"href":"https:\/\/hsi-consulting.fr\/index.php?rest_route=\/wp\/v2\/pages\/38","targetHints":{"allow":["GET"]}}],"collection":[{"href":"https:\/\/hsi-consulting.fr\/index.php?rest_route=\/wp\/v2\/pages"}],"about":[{"href":"https:\/\/hsi-consulting.fr\/index.php?rest_route=\/wp\/v2\/types\/page"}],"author":[{"embeddable":true,"href":"https:\/\/hsi-consulting.fr\/index.php?rest_route=\/wp\/v2\/users\/1"}],"replies":[{"embeddable":true,"href":"https:\/\/hsi-consulting.fr\/index.php?rest_route=%2Fwp%2Fv2%2Fcomments&post=38"}],"version-history":[{"count":0,"href":"https:\/\/hsi-consulting.fr\/index.php?rest_route=\/wp\/v2\/pages\/38\/revisions"}],"wp:attachment":[{"href":"https:\/\/hsi-consulting.fr\/index.php?rest_route=%2Fwp%2Fv2%2Fmedia&parent=38"}],"curies":[{"name":"wp","href":"https:\/\/api.w.org\/{rel}","templated":true}]}}